{"id":4828,"date":"2021-06-29T10:59:49","date_gmt":"2021-06-29T10:59:49","guid":{"rendered":"https:\/\/legacy.agrilink2020.eu\/pracovni-balicky\/pracovni-balicek-5-integrace-hodnoceni-ziskanych-zkusenosti-a-doporuceni"},"modified":"2022-04-17T09:23:34","modified_gmt":"2022-04-17T09:23:34","slug":"pracovni-balicek-5-integrace-hodnoceni-ziskanych-zkusenosti-a-doporuceni","status":"publish","type":"page","link":"https:\/\/www.agrilink2020.eu\/cs\/pracovni-balicky\/pracovni-balicek-5-integrace-hodnoceni-ziskanych-zkusenosti-a-doporuceni","title":{"rendered":"Pracovn\u00ed bal\u00ed\u010dek 5 (Integrace hodnocen\u00ed, z\u00edskan\u00fdch zku\u0161enost\u00ed a doporu\u010den\u00ed)"},"content":{"rendered":"\n<p>Projekt AgriLink p\u0159inesl velk\u00e9 mno\u017estv\u00ed v\u00fdzkumn\u00fdch v\u00fdsledk\u016f (v\u010detn\u011b kvantitativn\u00edch a kvalitativn\u00edch \u00fadaj\u016f), zejm\u00e9na z pracovn\u00edch bal\u00ed\u010dk\u016f 2, 3 a 4. \u00dakolem tohoto pracovn\u00edho bal\u00ed\u010dku bylo integrovat a analyzovat v\u0161echny tyto v\u00fdsledky v\u00fdzkumu s c\u00edlem identifikovat kl\u00ed\u010dov\u00e9 poznatky z\u00edskan\u00e9 b\u011bhem projektu a n\u00e1sledn\u011b na jejich z\u00e1klad\u011b formulovat politick\u00e1 doporu\u010den\u00ed.  <\/p>\n\n\n\n<p>Pro tento \u00fakol byla vypracov\u00e1na zvl\u00e1\u0161tn\u00ed metodika, kter\u00e1 zahrnovala jak p\u0159ezkum dokumentace, tak \u0159adu interaktivn\u00edch semin\u00e1\u0159\u016f se zem\u011bd\u011blci a poradci ve v\u0161ech partnersk\u00fdch zem\u00edch.<\/p>\n\n\n\n<p>Z\u00e1v\u011bre\u010dn\u00e1 doporu\u010den\u00ed byla zasazena do kontextu p\u0159\u00edprav na spole\u010dnou zem\u011bd\u011blskou politiku (SZP) na obdob\u00ed 2023\u20122027 a pot\u0159eby, aby zem\u011bd\u011blsk\u00e9 poradensk\u00e9 slu\u017eby hr\u00e1ly mnohem v\u011bt\u0161\u00ed roli p\u0159i podpo\u0159e p\u0159echodu k udr\u017eiteln\u011bj\u0161\u00edmu a klimaticky \u0161etrn\u011bj\u0161\u00edmu zem\u011bd\u011blstv\u00ed. Kone\u010dn\u00e9 v\u00fdstupy tohoto pracovn\u00edho bal\u00ed\u010dku zahrnovaly:<\/p>\n\n\n\n<ul><li>P\u0159\u00edklady dob\u0159e propojen\u00fdch a \u00fa\u010dinn\u00fdch zem\u011bd\u011blsk\u00fdch poradensk\u00fdch syst\u00e9m\u016f a osv\u011bd\u010den\u00e9 postupy pro jejich budov\u00e1n\u00ed<\/li><li>Doporu\u010den\u00ed ke zlep\u0161en\u00ed v\u00fdkonnosti a \u00fa\u010dinnosti poradensk\u00fdch slu\u017eeb<\/li><li>N\u00e1vrhy na zlep\u0161en\u00ed model\u016f \u0159\u00edzen\u00ed a souvisej\u00edc\u00edch mechanism\u016f ve\u0159ejn\u00e9 politiky<\/li><\/ul>\n\n\n\n<hr class=\"wp-block-separator\"\/>\n\n\n\n<p>V\u00edce informac\u00ed najdete <a href=\"https:\/\/www.agrilink2020.eu\/wp-content\/uploads\/2022\/01\/AgriLink.Policy.recommendations.report_Deliverable_26.pdf\" target=\"_blank\" rel=\"noreferrer noopener\">zde.<\/a><\/p>\n\n\n\n<hr class=\"wp-block-separator\"\/>\n","protected":false},"excerpt":{"rendered":"<p>Projekt AgriLink p\u0159inesl velk\u00e9 mno\u017estv\u00ed v\u00fdzkumn\u00fdch v\u00fdsledk\u016f (v\u010detn\u011b kvantitativn\u00edch a kvalitativn\u00edch \u00fadaj\u016f), zejm\u00e9na z pracovn\u00edch bal\u00ed\u010dk\u016f 2, 3 a 4. \u00dakolem tohoto pracovn\u00edho bal\u00ed\u010dku bylo integrovat a analyzovat v\u0161echny tyto v\u00fdsledky v\u00fdzkumu s c\u00edlem identifikovat kl\u00ed\u010dov\u00e9 poznatky z\u00edskan\u00e9 b\u011bhem projektu a n\u00e1sledn\u011b na jejich z\u00e1klad\u011b formulovat politick\u00e1 doporu\u010den\u00ed. Pro tento \u00fakol byla vypracov\u00e1na zvl\u00e1\u0161tn\u00ed metodika, &hellip; <a href=\"https:\/\/www.agrilink2020.eu\/cs\/pracovni-balicky\/pracovni-balicek-5-integrace-hodnoceni-ziskanych-zkusenosti-a-doporuceni\">Continued<\/a><\/p>\n","protected":false},"author":1,"featured_media":0,"parent":4818,"menu_order":0,"comment_status":"closed","ping_status":"closed","template":"views\/template-child.blade.php","meta":[],"_links":{"self":[{"href":"https:\/\/www.agrilink2020.eu\/cs\/wp-json\/wp\/v2\/pages\/4828"}],"collection":[{"href":"https:\/\/www.agrilink2020.eu\/cs\/wp-json\/wp\/v2\/pages"}],"about":[{"href":"https:\/\/www.agrilink2020.eu\/cs\/wp-json\/wp\/v2\/types\/page"}],"author":[{"embeddable":true,"href":"https:\/\/www.agrilink2020.eu\/cs\/wp-json\/wp\/v2\/users\/1"}],"replies":[{"embeddable":true,"href":"https:\/\/www.agrilink2020.eu\/cs\/wp-json\/wp\/v2\/comments?post=4828"}],"version-history":[{"count":3,"href":"https:\/\/www.agrilink2020.eu\/cs\/wp-json\/wp\/v2\/pages\/4828\/revisions"}],"predecessor-version":[{"id":7067,"href":"https:\/\/www.agrilink2020.eu\/cs\/wp-json\/wp\/v2\/pages\/4828\/revisions\/7067"}],"up":[{"embeddable":true,"href":"https:\/\/www.agrilink2020.eu\/cs\/wp-json\/wp\/v2\/pages\/4818"}],"wp:attachment":[{"href":"https:\/\/www.agrilink2020.eu\/cs\/wp-json\/wp\/v2\/media?parent=4828"}],"curies":[{"name":"wp","href":"https:\/\/api.w.org\/{rel}","templated":true}]}}

Pracovní balíček 5 (Integrace hodnocení, získaných zkušeností a doporučení)

<p>Projekt AgriLink přinesl velké množství výzkumných výsledků (včetně kvantitativních a kvalitativních údajů), zejména z pracovních balíčků 2, 3 a 4. Úkolem tohoto pracovního balíčku bylo integrovat a analyzovat všechny tyto výsledky výzkumu s cílem identifikovat klíčové poznatky získané během projektu a následně na jejich základě formulovat politická doporučení.  </p>



<p>Pro tento úkol byla vypracována zvláštní metodika, která zahrnovala jak přezkum dokumentace, tak řadu interaktivních seminářů se zemědělci a poradci ve všech partnerských zemích.</p>



<p>Závěrečná doporučení byla zasazena do kontextu příprav na společnou zemědělskou politiku (SZP) na období 2023‒2027 a potřeby, aby zemědělské poradenské služby hrály mnohem větší roli při podpoře přechodu k udržitelnějšímu a klimaticky šetrnějšímu zemědělství. Konečné výstupy tohoto pracovního balíčku zahrnovaly:</p>



<ul><li>Příklady dobře propojených a účinných zemědělských poradenských systémů a osvědčené postupy pro jejich budování</li><li>Doporučení ke zlepšení výkonnosti a účinnosti poradenských služeb</li><li>Návrhy na zlepšení modelů řízení a souvisejících mechanismů veřejné politiky</li></ul>



<hr class="wp-block-separator"/>



<p>Více informací najdete <a href="https://www.agrilink2020.eu/wp-content/uploads/2022/01/AgriLink.Policy.recommendations.report_Deliverable_26.pdf" target="_blank" rel="noreferrer noopener">zde.</a></p>



<hr class="wp-block-separator"/>

<p>Projekt AgriLink přinesl velké množství výzkumných výsledků (včetně kvantitativních a kvalitativních údajů), zejména z pracovních balíčků 2, 3 a 4. Úkolem tohoto pracovního balíčku bylo integrovat a analyzovat všechny tyto výsledky výzkumu s cílem identifikovat klíčové poznatky získané během projektu a následně na jejich základě formulovat politická doporučení. Pro tento úkol byla vypracována zvláštní metodika, &hellip; <a href="https://www.agrilink2020.eu/cs/pracovni-balicky/pracovni-balicek-5-integrace-hodnoceni-ziskanych-zkusenosti-a-doporuceni">Continued</a></p>
