{"id":5428,"date":"2021-06-29T09:36:52","date_gmt":"2021-06-29T09:36:52","guid":{"rendered":"https:\/\/legacy.agrilink2020.eu\/lots-de-travaux\/lot-de-travaux-1-cadre-conceptuel"},"modified":"2022-04-09T08:57:52","modified_gmt":"2022-04-09T08:57:52","slug":"wp-1-cadre-conceptuel","status":"publish","type":"page","link":"https:\/\/www.agrilink2020.eu\/fr\/lots-de-travaux\/wp-1-cadre-conceptuel","title":{"rendered":"Work Package 1 (Cadre conceptuel)"},"content":{"rendered":"\n<p>Il existe une grande vari\u00e9t\u00e9 de perspectives diff\u00e9rentes (pratiques et th\u00e9oriques) sur la fa\u00e7on dont les agriculteurs prennent des d\u00e9cisions, le r\u00f4le des organisations consultatives dans ces processus d\u00e9cisionnels et la mani\u00e8re dont les organisations consultatives sont organis\u00e9es et gouvern\u00e9es. Ce module de travail a r\u00e9uni toutes ces perspectives dans un cadre coh\u00e9rent \u00e0 utiliser pour guider la recherche dans d&rsquo;autres parties du projet. <\/p>\n\n\n\n<hr class=\"wp-block-separator\"\/>\n\n\n\n<p>En savoir plus <a href=\"https:\/\/www.agrilink2020.eu\/work-package\/wp1-multi-level-framework\/\" target=\"_blank\" rel=\"noreferrer noopener\">ici<\/a> .<\/p>\n\n\n\n<hr class=\"wp-block-separator\"\/>\n\n\n\n<p>Regardez la vid\u00e9o explicative sur YouTube :<\/p>\n\n\n\n<figure class=\"wp-block-embed is-type-video is-provider-youtube wp-block-embed-youtube wp-embed-aspect-16-9 wp-has-aspect-ratio\"><div class=\"wp-block-embed__wrapper\">\n<iframe loading=\"lazy\" title=\"Agrilink Conceptual framework (Work Package 1)\" width=\"500\" height=\"281\" src=\"https:\/\/www.youtube.com\/embed\/qjQx2nNeM8o?start=69&#038;feature=oembed\" frameborder=\"0\" allow=\"accelerometer; autoplay; clipboard-write; encrypted-media; gyroscope; picture-in-picture\" allowfullscreen><\/iframe>\n<\/div><\/figure>\n\n\n\n<div style=\"height:1px\" aria-hidden=\"true\" class=\"wp-block-spacer\"><\/div>\n\n\n\n<h3><\/h3>\n","protected":false},"excerpt":{"rendered":"<p>Il existe une grande vari\u00e9t\u00e9 de perspectives diff\u00e9rentes (pratiques et th\u00e9oriques) sur la fa\u00e7on dont les agriculteurs prennent des d\u00e9cisions, le r\u00f4le des organisations consultatives dans ces processus d\u00e9cisionnels et la mani\u00e8re dont les organisations consultatives sont organis\u00e9es et gouvern\u00e9es. Ce module de travail a r\u00e9uni toutes ces perspectives dans un cadre coh\u00e9rent \u00e0 utiliser &hellip; <a href=\"https:\/\/www.agrilink2020.eu\/fr\/lots-de-travaux\/wp-1-cadre-conceptuel\">Continued<\/a><\/p>\n","protected":false},"author":1,"featured_media":0,"parent":4858,"menu_order":0,"comment_status":"closed","ping_status":"closed","template":"views\/template-child.blade.php","meta":[],"_links":{"self":[{"href":"https:\/\/www.agrilink2020.eu\/fr\/wp-json\/wp\/v2\/pages\/5428"}],"collection":[{"href":"https:\/\/www.agrilink2020.eu\/fr\/wp-json\/wp\/v2\/pages"}],"about":[{"href":"https:\/\/www.agrilink2020.eu\/fr\/wp-json\/wp\/v2\/types\/page"}],"author":[{"embeddable":true,"href":"https:\/\/www.agrilink2020.eu\/fr\/wp-json\/wp\/v2\/users\/1"}],"replies":[{"embeddable":true,"href":"https:\/\/www.agrilink2020.eu\/fr\/wp-json\/wp\/v2\/comments?post=5428"}],"version-history":[{"count":8,"href":"https:\/\/www.agrilink2020.eu\/fr\/wp-json\/wp\/v2\/pages\/5428\/revisions"}],"predecessor-version":[{"id":5441,"href":"https:\/\/www.agrilink2020.eu\/fr\/wp-json\/wp\/v2\/pages\/5428\/revisions\/5441"}],"up":[{"embeddable":true,"href":"https:\/\/www.agrilink2020.eu\/fr\/wp-json\/wp\/v2\/pages\/4858"}],"wp:attachment":[{"href":"https:\/\/www.agrilink2020.eu\/fr\/wp-json\/wp\/v2\/media?parent=5428"}],"curies":[{"name":"wp","href":"https:\/\/api.w.org\/{rel}","templated":true}]}}

<p>Il existe une grande variété de perspectives différentes (pratiques et théoriques) sur la façon dont les agriculteurs prennent des décisions, le rôle des organisations consultatives dans ces processus décisionnels et la manière dont les organisations consultatives sont organisées et gouvernées. Ce module de travail a réuni toutes ces perspectives dans un cadre cohérent à utiliser pour guider la recherche dans d&rsquo;autres parties du projet. </p>



<hr class="wp-block-separator"/>



<p>En savoir plus <a href="https://www.agrilink2020.eu/work-package/wp1-multi-level-framework/" target="_blank" rel="noreferrer noopener">ici</a> .</p>



<hr class="wp-block-separator"/>



<p>Regardez la vidéo explicative sur YouTube :</p>



<figure class="wp-block-embed is-type-video is-provider-youtube wp-block-embed-youtube wp-embed-aspect-16-9 wp-has-aspect-ratio"><div class="wp-block-embed__wrapper">
<iframe loading="lazy" title="Agrilink Conceptual framework (Work Package 1)" width="500" height="281" src="https://www.youtube.com/embed/qjQx2nNeM8o?start=69&#038;feature=oembed" frameborder="0" allow="accelerometer; autoplay; clipboard-write; encrypted-media; gyroscope; picture-in-picture" allowfullscreen></iframe>
</div></figure>



<div style="height:1px" aria-hidden="true" class="wp-block-spacer"></div>



<h3></h3>

<p>Il existe une grande variété de perspectives différentes (pratiques et théoriques) sur la façon dont les agriculteurs prennent des décisions, le rôle des organisations consultatives dans ces processus décisionnels et la manière dont les organisations consultatives sont organisées et gouvernées. Ce module de travail a réuni toutes ces perspectives dans un cadre cohérent à utiliser &hellip; <a href="https://www.agrilink2020.eu/fr/lots-de-travaux/wp-1-cadre-conceptuel">Continued</a></p>
