{"id":5448,"date":"2021-06-29T10:59:22","date_gmt":"2021-06-29T10:59:22","guid":{"rendered":"https:\/\/legacy.agrilink2020.eu\/lots-de-travaux\/work-package-4-eu-fas-et-la-gouvernance-du-conseil-national"},"modified":"2022-04-09T09:12:12","modified_gmt":"2022-04-09T09:12:12","slug":"work-package-4-eu-fas-et-la-gouvernance-du-conseil-national","status":"publish","type":"page","link":"https:\/\/www.agrilink2020.eu\/fr\/lots-de-travaux\/work-package-4-eu-fas-et-la-gouvernance-du-conseil-national","title":{"rendered":"Work Package 4 (EU-FAS et la gouvernance du conseil national)"},"content":{"rendered":"\n<p>L&rsquo;un des objectifs sp\u00e9cifiques du projet AgriLink \u00e9tait d&rsquo;examiner de pr\u00e8s comment les syst\u00e8mes de conseil agricole sont r\u00e9gis au niveau national\/r\u00e9gional. L&rsquo;\u00e9quipe du projet \u00e9tait particuli\u00e8rement int\u00e9ress\u00e9e \u00e0 comprendre si les diff\u00e9rentes approches observ\u00e9es dans diff\u00e9rents pays avaient un impact sur l&rsquo;efficacit\u00e9 des syst\u00e8mes de conseil nationaux \/ r\u00e9gionaux et sur l&rsquo;acc\u00e8s des agriculteurs aux informations et aux services. <\/p>\n\n\n\n<p>Les travaux entrepris comprenaient un examen d\u00e9taill\u00e9 de la mise en \u0153uvre du r\u00e8glement de l&rsquo;UE sur les r\u00e9gimes de conseil agricole dans 13 pays et une analyse approfondie de la gouvernance des syst\u00e8mes de conseil agricole dans 7 pays.<\/p>\n\n\n\n<hr class=\"wp-block-separator\"\/>\n\n\n\n<p>En savoir plus <a href=\"https:\/\/www.agrilink2020.eu\/wp-content\/uploads\/2020\/09\/D4.1-AgriLink-EUFAS-assesment_without_annexes.pdf\" target=\"_blank\" rel=\"noreferrer noopener\">ici.<\/a><\/p>\n\n\n\n<hr class=\"wp-block-separator\"\/>\n\n\n\n<figure class=\"wp-block-table\"><table><tbody><tr><td><\/td><td>Regardez la vid\u00e9o explicative sur YouTube:<\/td><\/tr><\/tbody><\/table><\/figure>\n\n\n\n<figure class=\"wp-block-embed is-type-video is-provider-youtube wp-block-embed-youtube wp-embed-aspect-16-9 wp-has-aspect-ratio\"><div class=\"wp-block-embed__wrapper\">\n  <iframe loading=\"lazy\" title=\"AgriLink: Understanding farm advisory regimes  (Work package 4)\" width=\"500\" height=\"281\" src=\"https:\/\/www.youtube.com\/embed\/DqrUWvNAnNY?start=25&#038;feature=oembed\" frameborder=\"0\" allow=\"accelerometer; autoplay; clipboard-write; encrypted-media; gyroscope; picture-in-picture\" allowfullscreen><\/iframe>\n<\/div><\/figure>\n","protected":false},"excerpt":{"rendered":"<p>L&rsquo;un des objectifs sp\u00e9cifiques du projet AgriLink \u00e9tait d&rsquo;examiner de pr\u00e8s comment les syst\u00e8mes de conseil agricole sont r\u00e9gis au niveau national\/r\u00e9gional. L&rsquo;\u00e9quipe du projet \u00e9tait particuli\u00e8rement int\u00e9ress\u00e9e \u00e0 comprendre si les diff\u00e9rentes approches observ\u00e9es dans diff\u00e9rents pays avaient un impact sur l&rsquo;efficacit\u00e9 des syst\u00e8mes de conseil nationaux \/ r\u00e9gionaux et sur l&rsquo;acc\u00e8s des agriculteurs &hellip; <a href=\"https:\/\/www.agrilink2020.eu\/fr\/lots-de-travaux\/work-package-4-eu-fas-et-la-gouvernance-du-conseil-national\">Continued<\/a><\/p>\n","protected":false},"author":1,"featured_media":0,"parent":4858,"menu_order":0,"comment_status":"closed","ping_status":"closed","template":"views\/template-child.blade.php","meta":[],"_links":{"self":[{"href":"https:\/\/www.agrilink2020.eu\/fr\/wp-json\/wp\/v2\/pages\/5448"}],"collection":[{"href":"https:\/\/www.agrilink2020.eu\/fr\/wp-json\/wp\/v2\/pages"}],"about":[{"href":"https:\/\/www.agrilink2020.eu\/fr\/wp-json\/wp\/v2\/types\/page"}],"author":[{"embeddable":true,"href":"https:\/\/www.agrilink2020.eu\/fr\/wp-json\/wp\/v2\/users\/1"}],"replies":[{"embeddable":true,"href":"https:\/\/www.agrilink2020.eu\/fr\/wp-json\/wp\/v2\/comments?post=5448"}],"version-history":[{"count":5,"href":"https:\/\/www.agrilink2020.eu\/fr\/wp-json\/wp\/v2\/pages\/5448\/revisions"}],"predecessor-version":[{"id":5466,"href":"https:\/\/www.agrilink2020.eu\/fr\/wp-json\/wp\/v2\/pages\/5448\/revisions\/5466"}],"up":[{"embeddable":true,"href":"https:\/\/www.agrilink2020.eu\/fr\/wp-json\/wp\/v2\/pages\/4858"}],"wp:attachment":[{"href":"https:\/\/www.agrilink2020.eu\/fr\/wp-json\/wp\/v2\/media?parent=5448"}],"curies":[{"name":"wp","href":"https:\/\/api.w.org\/{rel}","templated":true}]}}

<p>L&rsquo;un des objectifs spécifiques du projet AgriLink était d&rsquo;examiner de près comment les systèmes de conseil agricole sont régis au niveau national/régional. L&rsquo;équipe du projet était particulièrement intéressée à comprendre si les différentes approches observées dans différents pays avaient un impact sur l&rsquo;efficacité des systèmes de conseil nationaux / régionaux et sur l&rsquo;accès des agriculteurs aux informations et aux services. </p>



<p>Les travaux entrepris comprenaient un examen détaillé de la mise en œuvre du règlement de l&rsquo;UE sur les régimes de conseil agricole dans 13 pays et une analyse approfondie de la gouvernance des systèmes de conseil agricole dans 7 pays.</p>



<hr class="wp-block-separator"/>



<p>En savoir plus <a href="https://www.agrilink2020.eu/wp-content/uploads/2020/09/D4.1-AgriLink-EUFAS-assesment_without_annexes.pdf" target="_blank" rel="noreferrer noopener">ici.</a></p>



<hr class="wp-block-separator"/>



<figure class="wp-block-table"><table><tbody><tr><td></td><td>Regardez la vidéo explicative sur YouTube:</td></tr></tbody></table></figure>



<figure class="wp-block-embed is-type-video is-provider-youtube wp-block-embed-youtube wp-embed-aspect-16-9 wp-has-aspect-ratio"><div class="wp-block-embed__wrapper">
  <iframe loading="lazy" title="AgriLink: Understanding farm advisory regimes  (Work package 4)" width="500" height="281" src="https://www.youtube.com/embed/DqrUWvNAnNY?start=25&#038;feature=oembed" frameborder="0" allow="accelerometer; autoplay; clipboard-write; encrypted-media; gyroscope; picture-in-picture" allowfullscreen></iframe>
</div></figure>

<p>L&rsquo;un des objectifs spécifiques du projet AgriLink était d&rsquo;examiner de près comment les systèmes de conseil agricole sont régis au niveau national/régional. L&rsquo;équipe du projet était particulièrement intéressée à comprendre si les différentes approches observées dans différents pays avaient un impact sur l&rsquo;efficacité des systèmes de conseil nationaux / régionaux et sur l&rsquo;accès des agriculteurs &hellip; <a href="https://www.agrilink2020.eu/fr/lots-de-travaux/work-package-4-eu-fas-et-la-gouvernance-du-conseil-national">Continued</a></p>
