{"id":5049,"date":"2022-03-09T09:11:09","date_gmt":"2022-03-09T09:11:09","guid":{"rendered":"https:\/\/legacy.agrilink2020.eu\/miedzynarodowa-rada-doradcza"},"modified":"2022-04-04T12:54:53","modified_gmt":"2022-04-04T12:54:53","slug":"miedzynarodowa-rada-doradcza","status":"publish","type":"page","link":"https:\/\/www.agrilink2020.eu\/pl\/miedzynarodowa-rada-doradcza","title":{"rendered":"Mi\u0119dzynarodowa Rada Doradcza"},"content":{"rendered":"\n<h2>Mi\u0119dzynarodowa Rada Doradcza<\/h2>\n\n<p>W jej sk\u0142ad wchodz\u0105 eksperci zewn\u0119trzni, w tym eksperci naukowi, decydenci, organizacje doradcze, przedstawiciele rolnik\u00f3w oraz M\u015aP w sektorach rozpowszechniania nowych technologii w rolnictwie.<\/p>\n\n<h2>Cz\u0142onkowie Rady Doradczej:<\/h2>\n\n<div class=\"is-layout-flex wp-container-3 wp-block-columns\">\n<div class=\"is-layout-flow wp-block-column\">\n<p><strong>Andr\u00e8s Montero<\/strong> , Stowarzyszenie Organizacji Produkcji Owoc\u00f3w i Warzyw (COEXPHAL), Almer\u00eda, Hiszpania<\/p>\n\n\n\n<p><strong>Anik\u00f3 Juh\u00e1sz<\/strong> (wsp\u00f3\u0142przewodnicz\u0105cy SCAR-AKIS-WG4), Instytut Badawczy Ekonomiki Rolnictwa, Budapeszt, W\u0119gry<\/p>\n\n\n\n<p><strong>Dimitar Vanev<\/strong> , Krajowa S\u0142u\u017cba Doradztwa Rolniczego, Sofia, Bu\u0142garia<\/p>\n\n\n\n<p><strong>Inge Van Oost<\/strong> , Komisja Europejska DG ds. Rolnictwa i Rozwoju Obszar\u00f3w Wiejskich, Bruksela, Belgia<\/p>\n<\/div>\n\n\n\n<div class=\"is-layout-flow wp-block-column\">\n<p><strong>Marja Toivonen<\/strong> , Uniwersytet Aalto, Helsinki, Finlandia<\/p>\n\n\n\n<p><strong>Renee Pardello<\/strong> , University of Minnesota, Saint Paul, USA<\/p>\n\n\n\n<p><strong>Vincenzo Angileri<\/strong> , Wsp\u00f3lne Centrum Badawcze Komisji Europejskiej, Ispra, W\u0142ochy<\/p>\n\n\n\n<p><strong>Laurens Klerkx<\/strong> , Wagenigen University &amp; Research, Holandia<\/p>\n\n\n\n<p><strong>James Fitzgerald<\/strong> , niezale\u017cny konsultant rolny, Irlandia<\/p>\n\n\n\n<p><\/p>\n\n\n\n<p><\/p>\n<\/div>\n<\/div>\n\n<h2>Rol\u0105 Rady Doradczej jest:<\/h2>\n\n<ul><li>Doradza\u0107, zapewnia\u0107 jako\u015b\u0107 i kszta\u0142towa\u0107 program badawczy AgriLink<\/li><li>Upewnij si\u0119, \u017ce pogl\u0105dy i potrzeby ekspert\u00f3w mi\u0119dzynarodowych decydent\u00f3w oraz pogl\u0105dy i potrzeby praktyk\u00f3w s\u0105 uwzgl\u0119dniane\/uwzgl\u0119dniane przez ca\u0142y czas trwania projektu, a tym samym gwarantuj\u0105 skuteczn\u0105 dwustronn\u0105 komunikacj\u0119<\/li><li>Pomoc w rozpowszechnianiu wynik\u00f3w uzyskanych w wyniku prac badawczych i<\/li><li>Wsparcie realizacji i integracji opracowanych zada\u0144 i wynik\u00f3w projektu.<\/li><\/ul>\n","protected":false},"excerpt":{"rendered":"<p>Mi\u0119dzynarodowa Rada Doradcza W jej sk\u0142ad wchodz\u0105 eksperci zewn\u0119trzni, w tym eksperci naukowi, decydenci, organizacje doradcze, przedstawiciele rolnik\u00f3w oraz M\u015aP w sektorach rozpowszechniania nowych technologii w rolnictwie. Cz\u0142onkowie Rady Doradczej: Andr\u00e8s Montero , Stowarzyszenie Organizacji Produkcji Owoc\u00f3w i Warzyw (COEXPHAL), Almer\u00eda, Hiszpania Anik\u00f3 Juh\u00e1sz (wsp\u00f3\u0142przewodnicz\u0105cy SCAR-AKIS-WG4), Instytut Badawczy Ekonomiki Rolnictwa, Budapeszt, W\u0119gry Dimitar Vanev , &hellip; <a href=\"https:\/\/www.agrilink2020.eu\/pl\/miedzynarodowa-rada-doradcza\">Continued<\/a><\/p>\n","protected":false},"author":2,"featured_media":2636,"parent":0,"menu_order":0,"comment_status":"closed","ping_status":"closed","template":"","meta":[],"_links":{"self":[{"href":"https:\/\/www.agrilink2020.eu\/pl\/wp-json\/wp\/v2\/pages\/5049"}],"collection":[{"href":"https:\/\/www.agrilink2020.eu\/pl\/wp-json\/wp\/v2\/pages"}],"about":[{"href":"https:\/\/www.agrilink2020.eu\/pl\/wp-json\/wp\/v2\/types\/page"}],"author":[{"embeddable":true,"href":"https:\/\/www.agrilink2020.eu\/pl\/wp-json\/wp\/v2\/users\/2"}],"replies":[{"embeddable":true,"href":"https:\/\/www.agrilink2020.eu\/pl\/wp-json\/wp\/v2\/comments?post=5049"}],"version-history":[{"count":3,"href":"https:\/\/www.agrilink2020.eu\/pl\/wp-json\/wp\/v2\/pages\/5049\/revisions"}],"predecessor-version":[{"id":5052,"href":"https:\/\/www.agrilink2020.eu\/pl\/wp-json\/wp\/v2\/pages\/5049\/revisions\/5052"}],"wp:featuredmedia":[{"embeddable":true,"href":"https:\/\/www.agrilink2020.eu\/pl\/wp-json\/wp\/v2\/media\/2636"}],"wp:attachment":[{"href":"https:\/\/www.agrilink2020.eu\/pl\/wp-json\/wp\/v2\/media?parent=5049"}],"curies":[{"name":"wp","href":"https:\/\/api.w.org\/{rel}","templated":true}]}}

Międzynarodowa Rada Doradcza

<h2>Międzynarodowa Rada Doradcza</h2>

<p>W jej skład wchodzą eksperci zewnętrzni, w tym eksperci naukowi, decydenci, organizacje doradcze, przedstawiciele rolników oraz MŚP w sektorach rozpowszechniania nowych technologii w rolnictwie.</p>

<h2>Członkowie Rady Doradczej:</h2>

<div class="is-layout-flex wp-container-3 wp-block-columns">
<div class="is-layout-flow wp-block-column">
<p><strong>Andrès Montero</strong> , Stowarzyszenie Organizacji Produkcji Owoców i Warzyw (COEXPHAL), Almería, Hiszpania</p>



<p><strong>Anikó Juhász</strong> (współprzewodniczący SCAR-AKIS-WG4), Instytut Badawczy Ekonomiki Rolnictwa, Budapeszt, Węgry</p>



<p><strong>Dimitar Vanev</strong> , Krajowa Służba Doradztwa Rolniczego, Sofia, Bułgaria</p>



<p><strong>Inge Van Oost</strong> , Komisja Europejska DG ds. Rolnictwa i Rozwoju Obszarów Wiejskich, Bruksela, Belgia</p>
</div>



<div class="is-layout-flow wp-block-column">
<p><strong>Marja Toivonen</strong> , Uniwersytet Aalto, Helsinki, Finlandia</p>



<p><strong>Renee Pardello</strong> , University of Minnesota, Saint Paul, USA</p>



<p><strong>Vincenzo Angileri</strong> , Wspólne Centrum Badawcze Komisji Europejskiej, Ispra, Włochy</p>



<p><strong>Laurens Klerkx</strong> , Wagenigen University &amp; Research, Holandia</p>



<p><strong>James Fitzgerald</strong> , niezależny konsultant rolny, Irlandia</p>



<p></p>



<p></p>
</div>
</div>

<h2>Rolą Rady Doradczej jest:</h2>

<ul><li>Doradzać, zapewniać jakość i kształtować program badawczy AgriLink</li><li>Upewnij się, że poglądy i potrzeby ekspertów międzynarodowych decydentów oraz poglądy i potrzeby praktyków są uwzględniane/uwzględniane przez cały czas trwania projektu, a tym samym gwarantują skuteczną dwustronną komunikację</li><li>Pomoc w rozpowszechnianiu wyników uzyskanych w wyniku prac badawczych i</li><li>Wsparcie realizacji i integracji opracowanych zadań i wyników projektu.</li></ul>

<p>Międzynarodowa Rada Doradcza W jej skład wchodzą eksperci zewnętrzni, w tym eksperci naukowi, decydenci, organizacje doradcze, przedstawiciele rolników oraz MŚP w sektorach rozpowszechniania nowych technologii w rolnictwie. Członkowie Rady Doradczej: Andrès Montero , Stowarzyszenie Organizacji Produkcji Owoców i Warzyw (COEXPHAL), Almería, Hiszpania Anikó Juhász (współprzewodniczący SCAR-AKIS-WG4), Instytut Badawczy Ekonomiki Rolnictwa, Budapeszt, Węgry Dimitar Vanev , &hellip; <a href="https://www.agrilink2020.eu/pl/miedzynarodowa-rada-doradcza">Continued</a></p>
