{"id":5576,"date":"2021-06-29T11:00:37","date_gmt":"2021-06-29T11:00:37","guid":{"rendered":"https:\/\/legacy.agrilink2020.eu\/work-packages\/pakiet-roboczy-6-komunikacja"},"modified":"2022-04-09T12:08:16","modified_gmt":"2022-04-09T12:08:16","slug":"pakiet-roboczy-6-komunikacja","status":"publish","type":"page","link":"https:\/\/www.agrilink2020.eu\/pl\/pakiety-robocze\/pakiet-roboczy-6-komunikacja","title":{"rendered":"Pakiet roboczy 6 (Komunikacja)"},"content":{"rendered":"\n<p>By\u0142 to wa\u017cny pakiet roboczy, kt\u00f3ry wspiera\u0142 wysokie ambicje naukowe i praktyczne projektu poprzez szereg dzia\u0142a\u0144, kt\u00f3re anga\u017cowa\u0142y odpowiednie podmioty w konkretne dzia\u0142ania projektowe i aktywnie promowa\u0142y szerokie rozpowszechnianie i wykorzystywanie wynik\u00f3w projektu. Ko\u0144cowym dzia\u0142aniem w ramach tego pakietu roboczego by\u0142o opracowanie niniejszej strony internetowej, kt\u00f3ra b\u0119dzie dost\u0119pna online przez 10 lat od ko\u0144ca 2021 r. <\/p>\n","protected":false},"excerpt":{"rendered":"<p>By\u0142 to wa\u017cny pakiet roboczy, kt\u00f3ry wspiera\u0142 wysokie ambicje naukowe i praktyczne projektu poprzez szereg dzia\u0142a\u0144, kt\u00f3re anga\u017cowa\u0142y odpowiednie podmioty w konkretne dzia\u0142ania projektowe i aktywnie promowa\u0142y szerokie rozpowszechnianie i wykorzystywanie wynik\u00f3w projektu. Ko\u0144cowym dzia\u0142aniem w ramach tego pakietu roboczego by\u0142o opracowanie niniejszej strony internetowej, kt\u00f3ra b\u0119dzie dost\u0119pna online przez 10 lat od ko\u0144ca 2021 &hellip; <a href=\"https:\/\/www.agrilink2020.eu\/pl\/pakiety-robocze\/pakiet-roboczy-6-komunikacja\">Continued<\/a><\/p>\n","protected":false},"author":1,"featured_media":0,"parent":4863,"menu_order":0,"comment_status":"closed","ping_status":"closed","template":"views\/template-child.blade.php","meta":[],"_links":{"self":[{"href":"https:\/\/www.agrilink2020.eu\/pl\/wp-json\/wp\/v2\/pages\/5576"}],"collection":[{"href":"https:\/\/www.agrilink2020.eu\/pl\/wp-json\/wp\/v2\/pages"}],"about":[{"href":"https:\/\/www.agrilink2020.eu\/pl\/wp-json\/wp\/v2\/types\/page"}],"author":[{"embeddable":true,"href":"https:\/\/www.agrilink2020.eu\/pl\/wp-json\/wp\/v2\/users\/1"}],"replies":[{"embeddable":true,"href":"https:\/\/www.agrilink2020.eu\/pl\/wp-json\/wp\/v2\/comments?post=5576"}],"version-history":[{"count":3,"href":"https:\/\/www.agrilink2020.eu\/pl\/wp-json\/wp\/v2\/pages\/5576\/revisions"}],"predecessor-version":[{"id":5594,"href":"https:\/\/www.agrilink2020.eu\/pl\/wp-json\/wp\/v2\/pages\/5576\/revisions\/5594"}],"up":[{"embeddable":true,"href":"https:\/\/www.agrilink2020.eu\/pl\/wp-json\/wp\/v2\/pages\/4863"}],"wp:attachment":[{"href":"https:\/\/www.agrilink2020.eu\/pl\/wp-json\/wp\/v2\/media?parent=5576"}],"curies":[{"name":"wp","href":"https:\/\/api.w.org\/{rel}","templated":true}]}}

<p>Był to ważny pakiet roboczy, który wspierał wysokie ambicje naukowe i praktyczne projektu poprzez szereg działań, które angażowały odpowiednie podmioty w konkretne działania projektowe i aktywnie promowały szerokie rozpowszechnianie i wykorzystywanie wyników projektu. Końcowym działaniem w ramach tego pakietu roboczego było opracowanie niniejszej strony internetowej, która będzie dostępna online przez 10 lat od końca 2021 r. </p>

<p>Był to ważny pakiet roboczy, który wspierał wysokie ambicje naukowe i praktyczne projektu poprzez szereg działań, które angażowały odpowiednie podmioty w konkretne działania projektowe i aktywnie promowały szerokie rozpowszechnianie i wykorzystywanie wyników projektu. Końcowym działaniem w ramach tego pakietu roboczego było opracowanie niniejszej strony internetowej, która będzie dostępna online przez 10 lat od końca 2021 &hellip; <a href="https://www.agrilink2020.eu/pl/pakiety-robocze/pakiet-roboczy-6-komunikacja">Continued</a></p>
