{"id":5604,"date":"2021-06-29T09:36:52","date_gmt":"2021-06-29T09:36:52","guid":{"rendered":"https:\/\/legacy.agrilink2020.eu\/pacotes-de-trabalho\/pacote-de-trabalho-1-quadro-conceptual"},"modified":"2022-04-09T12:43:29","modified_gmt":"2022-04-09T12:43:29","slug":"pacote-de-trabalho-1-quadro-conceptual","status":"publish","type":"page","link":"https:\/\/www.agrilink2020.eu\/pt-pt\/pacotes-de-trabalho\/pacote-de-trabalho-1-quadro-conceptual","title":{"rendered":"Pacote de Trabalho 1 (Quadro Conceptual)"},"content":{"rendered":"\n<p>H\u00e1 uma grande variedade de diferentes perspectivas (pr\u00e1ticas e te\u00f3ricas) sobre a forma como os agricultores tomam decis\u00f5es, o papel das organiza\u00e7\u00f5es consultivas nesses processos de decis\u00e3o e a forma como as organiza\u00e7\u00f5es consultivas s\u00e3o organizadas e governadas. Este pacote de trabalho reuniu todas estas perspectivas num quadro consistente para utiliza\u00e7\u00e3o na orienta\u00e7\u00e3o da investiga\u00e7\u00e3o noutras partes do projecto. <\/p>\n\n\n\n<hr class=\"wp-block-separator\"\/>\n\n\n\n<p>Saiba mais <a rel=\"noreferrer noopener\" href=\"https:\/\/www.agrilink2020.eu\/work-package\/wp1-multi-level-framework\/\" target=\"_blank\">aqui.<\/a><\/p>\n\n\n\n<hr class=\"wp-block-separator\"\/>\n\n\n\n<p>Veja o v\u00eddeo explicativo no YouTube:<\/p>\n\n\n\n<figure class=\"wp-block-embed is-type-video is-provider-youtube wp-block-embed-youtube wp-embed-aspect-16-9 wp-has-aspect-ratio\"><div class=\"wp-block-embed__wrapper\">\n<iframe loading=\"lazy\" title=\"Agrilink Conceptual framework (Work Package 1)\" width=\"500\" height=\"281\" src=\"https:\/\/www.youtube.com\/embed\/qjQx2nNeM8o?start=69&#038;feature=oembed\" frameborder=\"0\" allow=\"accelerometer; autoplay; clipboard-write; encrypted-media; gyroscope; picture-in-picture\" allowfullscreen><\/iframe>\n<\/div><\/figure>\n\n\n\n<div style=\"height:1px\" aria-hidden=\"true\" class=\"wp-block-spacer\"><\/div>\n\n\n\n<h3><\/h3>\n","protected":false},"excerpt":{"rendered":"<p>H\u00e1 uma grande variedade de diferentes perspectivas (pr\u00e1ticas e te\u00f3ricas) sobre a forma como os agricultores tomam decis\u00f5es, o papel das organiza\u00e7\u00f5es consultivas nesses processos de decis\u00e3o e a forma como as organiza\u00e7\u00f5es consultivas s\u00e3o organizadas e governadas. Este pacote de trabalho reuniu todas estas perspectivas num quadro consistente para utiliza\u00e7\u00e3o na orienta\u00e7\u00e3o da investiga\u00e7\u00e3o &hellip; <a href=\"https:\/\/www.agrilink2020.eu\/pt-pt\/pacotes-de-trabalho\/pacote-de-trabalho-1-quadro-conceptual\">Continued<\/a><\/p>\n","protected":false},"author":1,"featured_media":0,"parent":5424,"menu_order":0,"comment_status":"closed","ping_status":"closed","template":"views\/template-child.blade.php","meta":[],"_links":{"self":[{"href":"https:\/\/www.agrilink2020.eu\/pt-pt\/wp-json\/wp\/v2\/pages\/5604"}],"collection":[{"href":"https:\/\/www.agrilink2020.eu\/pt-pt\/wp-json\/wp\/v2\/pages"}],"about":[{"href":"https:\/\/www.agrilink2020.eu\/pt-pt\/wp-json\/wp\/v2\/types\/page"}],"author":[{"embeddable":true,"href":"https:\/\/www.agrilink2020.eu\/pt-pt\/wp-json\/wp\/v2\/users\/1"}],"replies":[{"embeddable":true,"href":"https:\/\/www.agrilink2020.eu\/pt-pt\/wp-json\/wp\/v2\/comments?post=5604"}],"version-history":[{"count":4,"href":"https:\/\/www.agrilink2020.eu\/pt-pt\/wp-json\/wp\/v2\/pages\/5604\/revisions"}],"predecessor-version":[{"id":5629,"href":"https:\/\/www.agrilink2020.eu\/pt-pt\/wp-json\/wp\/v2\/pages\/5604\/revisions\/5629"}],"up":[{"embeddable":true,"href":"https:\/\/www.agrilink2020.eu\/pt-pt\/wp-json\/wp\/v2\/pages\/5424"}],"wp:attachment":[{"href":"https:\/\/www.agrilink2020.eu\/pt-pt\/wp-json\/wp\/v2\/media?parent=5604"}],"curies":[{"name":"wp","href":"https:\/\/api.w.org\/{rel}","templated":true}]}}

<p>Há uma grande variedade de diferentes perspectivas (práticas e teóricas) sobre a forma como os agricultores tomam decisões, o papel das organizações consultivas nesses processos de decisão e a forma como as organizações consultivas são organizadas e governadas. Este pacote de trabalho reuniu todas estas perspectivas num quadro consistente para utilização na orientação da investigação noutras partes do projecto. </p>



<hr class="wp-block-separator"/>



<p>Saiba mais <a rel="noreferrer noopener" href="https://www.agrilink2020.eu/work-package/wp1-multi-level-framework/" target="_blank">aqui.</a></p>



<hr class="wp-block-separator"/>



<p>Veja o vídeo explicativo no YouTube:</p>



<figure class="wp-block-embed is-type-video is-provider-youtube wp-block-embed-youtube wp-embed-aspect-16-9 wp-has-aspect-ratio"><div class="wp-block-embed__wrapper">
<iframe loading="lazy" title="Agrilink Conceptual framework (Work Package 1)" width="500" height="281" src="https://www.youtube.com/embed/qjQx2nNeM8o?start=69&#038;feature=oembed" frameborder="0" allow="accelerometer; autoplay; clipboard-write; encrypted-media; gyroscope; picture-in-picture" allowfullscreen></iframe>
</div></figure>



<div style="height:1px" aria-hidden="true" class="wp-block-spacer"></div>



<h3></h3>

<p>Há uma grande variedade de diferentes perspectivas (práticas e teóricas) sobre a forma como os agricultores tomam decisões, o papel das organizações consultivas nesses processos de decisão e a forma como as organizações consultivas são organizadas e governadas. Este pacote de trabalho reuniu todas estas perspectivas num quadro consistente para utilização na orientação da investigação &hellip; <a href="https://www.agrilink2020.eu/pt-pt/pacotes-de-trabalho/pacote-de-trabalho-1-quadro-conceptual">Continued</a></p>
