{"id":5614,"date":"2021-06-29T10:59:49","date_gmt":"2021-06-29T10:59:49","guid":{"rendered":"https:\/\/legacy.agrilink2020.eu\/pacotes-de-trabalho\/pacote-de-trabalho-5-analise-e-recomendacoes"},"modified":"2022-04-09T12:47:30","modified_gmt":"2022-04-09T12:47:30","slug":"pacote-de-trabalho-5-analise-e-recomendacoes","status":"publish","type":"page","link":"https:\/\/www.agrilink2020.eu\/pt-pt\/pacotes-de-trabalho\/pacote-de-trabalho-5-analise-e-recomendacoes","title":{"rendered":"Pacote de Trabalho 5 (An\u00e1lise e recomenda\u00e7\u00f5es)"},"content":{"rendered":"\n<p>O projecto AgriLink gerou uma grande quantidade de resultados de investiga\u00e7\u00e3o (incluindo dados quantitativos e qualitativos), especialmente dos Pacotes de Trabalho 2, 3 e 4. A tarefa deste Pacote de Trabalho era integrar e analisar todos estes resultados de investiga\u00e7\u00e3o a fim de identificar as principais li\u00e7\u00f5es aprendidas durante o projecto e depois formular recomenda\u00e7\u00f5es pol\u00edticas com base nestas li\u00e7\u00f5es aprendidas.  <\/p>\n\n\n\n<p>Foi desenvolvida uma metodologia espec\u00edfica para este trabalho que envolveu tanto trabalho de secret\u00e1ria como uma s\u00e9rie de workshops interactivos com agricultores e conselheiros em todos os pa\u00edses parceiros.<\/p>\n\n\n\n<p>As recomenda\u00e7\u00f5es finais foram integradas no contexto dos preparativos para a Pol\u00edtica Agr\u00edcola Comum (PAC) de 2023-2027 e da necessidade de servi\u00e7os de aconselhamento agr\u00edcola desempenharem um papel muito mais importante no apoio \u00e0 transi\u00e7\u00e3o para uma agricultura mais sustent\u00e1vel e mais inteligente do ponto de vista clim\u00e1tico. Os resultados finais deste pacote de trabalho est\u00e3o inclu\u00eddos:<\/p>\n\n\n\n<ul><li>Bons exemplos e melhores pr\u00e1ticas para sistemas de aconselhamento agr\u00edcola bem conectados e eficazes<\/li><li>Recomenda\u00e7\u00f5es para melhorar o desempenho e a efic\u00e1cia dos servi\u00e7os de aconselhamento<\/li><li>Sugest\u00f5es para melhores modelos de governa\u00e7\u00e3o e mecanismos de pol\u00edtica p\u00fablica relacionados<\/li><\/ul>\n\n\n\n<hr class=\"wp-block-separator\"\/>\n\n\n\n<p>Saiba mais <a href=\"https:\/\/www.agrilink2020.eu\/wp-content\/uploads\/2022\/01\/AgriLink.Policy.recommendations.report_Deliverable_26.pdf\" target=\"_blank\" rel=\"noreferrer noopener\">aqui.<\/a><\/p>\n\n\n\n<hr class=\"wp-block-separator\"\/>\n","protected":false},"excerpt":{"rendered":"<p>O projecto AgriLink gerou uma grande quantidade de resultados de investiga\u00e7\u00e3o (incluindo dados quantitativos e qualitativos), especialmente dos Pacotes de Trabalho 2, 3 e 4. A tarefa deste Pacote de Trabalho era integrar e analisar todos estes resultados de investiga\u00e7\u00e3o a fim de identificar as principais li\u00e7\u00f5es aprendidas durante o projecto e depois formular recomenda\u00e7\u00f5es &hellip; <a href=\"https:\/\/www.agrilink2020.eu\/pt-pt\/pacotes-de-trabalho\/pacote-de-trabalho-5-analise-e-recomendacoes\">Continued<\/a><\/p>\n","protected":false},"author":1,"featured_media":0,"parent":5424,"menu_order":0,"comment_status":"closed","ping_status":"closed","template":"views\/template-child.blade.php","meta":[],"_links":{"self":[{"href":"https:\/\/www.agrilink2020.eu\/pt-pt\/wp-json\/wp\/v2\/pages\/5614"}],"collection":[{"href":"https:\/\/www.agrilink2020.eu\/pt-pt\/wp-json\/wp\/v2\/pages"}],"about":[{"href":"https:\/\/www.agrilink2020.eu\/pt-pt\/wp-json\/wp\/v2\/types\/page"}],"author":[{"embeddable":true,"href":"https:\/\/www.agrilink2020.eu\/pt-pt\/wp-json\/wp\/v2\/users\/1"}],"replies":[{"embeddable":true,"href":"https:\/\/www.agrilink2020.eu\/pt-pt\/wp-json\/wp\/v2\/comments?post=5614"}],"version-history":[{"count":3,"href":"https:\/\/www.agrilink2020.eu\/pt-pt\/wp-json\/wp\/v2\/pages\/5614\/revisions"}],"predecessor-version":[{"id":5637,"href":"https:\/\/www.agrilink2020.eu\/pt-pt\/wp-json\/wp\/v2\/pages\/5614\/revisions\/5637"}],"up":[{"embeddable":true,"href":"https:\/\/www.agrilink2020.eu\/pt-pt\/wp-json\/wp\/v2\/pages\/5424"}],"wp:attachment":[{"href":"https:\/\/www.agrilink2020.eu\/pt-pt\/wp-json\/wp\/v2\/media?parent=5614"}],"curies":[{"name":"wp","href":"https:\/\/api.w.org\/{rel}","templated":true}]}}

Pacote de Trabalho 5 (Análise e recomendações)

<p>O projecto AgriLink gerou uma grande quantidade de resultados de investigação (incluindo dados quantitativos e qualitativos), especialmente dos Pacotes de Trabalho 2, 3 e 4. A tarefa deste Pacote de Trabalho era integrar e analisar todos estes resultados de investigação a fim de identificar as principais lições aprendidas durante o projecto e depois formular recomendações políticas com base nestas lições aprendidas.  </p>



<p>Foi desenvolvida uma metodologia específica para este trabalho que envolveu tanto trabalho de secretária como uma série de workshops interactivos com agricultores e conselheiros em todos os países parceiros.</p>



<p>As recomendações finais foram integradas no contexto dos preparativos para a Política Agrícola Comum (PAC) de 2023-2027 e da necessidade de serviços de aconselhamento agrícola desempenharem um papel muito mais importante no apoio à transição para uma agricultura mais sustentável e mais inteligente do ponto de vista climático. Os resultados finais deste pacote de trabalho estão incluídos:</p>



<ul><li>Bons exemplos e melhores práticas para sistemas de aconselhamento agrícola bem conectados e eficazes</li><li>Recomendações para melhorar o desempenho e a eficácia dos serviços de aconselhamento</li><li>Sugestões para melhores modelos de governação e mecanismos de política pública relacionados</li></ul>



<hr class="wp-block-separator"/>



<p>Saiba mais <a href="https://www.agrilink2020.eu/wp-content/uploads/2022/01/AgriLink.Policy.recommendations.report_Deliverable_26.pdf" target="_blank" rel="noreferrer noopener">aqui.</a></p>



<hr class="wp-block-separator"/>

<p>O projecto AgriLink gerou uma grande quantidade de resultados de investigação (incluindo dados quantitativos e qualitativos), especialmente dos Pacotes de Trabalho 2, 3 e 4. A tarefa deste Pacote de Trabalho era integrar e analisar todos estes resultados de investigação a fim de identificar as principais lições aprendidas durante o projecto e depois formular recomendações &hellip; <a href="https://www.agrilink2020.eu/pt-pt/pacotes-de-trabalho/pacote-de-trabalho-5-analise-e-recomendacoes">Continued</a></p>
