{"id":5058,"date":"2022-03-09T09:11:09","date_gmt":"2022-03-09T09:11:09","guid":{"rendered":"https:\/\/legacy.agrilink2020.eu\/consiliul-consultativ-international"},"modified":"2022-04-09T13:26:13","modified_gmt":"2022-04-09T13:26:13","slug":"consiliul-consultativ-international","status":"publish","type":"page","link":"https:\/\/www.agrilink2020.eu\/ro\/consiliul-consultativ-international","title":{"rendered":"Consiliul Consultativ Interna\u021bional"},"content":{"rendered":"\n<h2>Consiliul Consultativ Interna\u021bional<\/h2>\n\n\n\n<p>Acesta cuprinde o serie de exper\u021bi externi, inclusiv exper\u021bi \u0219tiin\u021bifici, factori de decizie politic\u0103, organiza\u021bii de consiliere, reprezentan\u021bi ai fermierilor \u0219i IMM-uri \u00een sectoarele difuz\u0103rii noilor tehnologii \u00een agricultur\u0103.<\/p>\n\n\n\n<h2>Membrii Consiliului Consultativ:<\/h2>\n\n\n\n<div class=\"is-layout-flex wp-container-3 wp-block-columns\">\n<div class=\"is-layout-flow wp-block-column\">\n<p><strong>Andr\u00e8s Montero<\/strong> , Asocia\u021bia Organiza\u021biilor de Produc\u021bie de Fructe \u0219i Legume (COEXPHAL), Almer\u00eda, Spania<\/p>\n\n\n\n<p><strong>Anik\u00f3 Juh\u00e1sz<\/strong> (copre\u0219edinte al SCAR-AKIS-WG4), Institutul de Cercetare pentru Economie Agricol\u0103, Budapesta, Ungaria<\/p>\n\n\n\n<p><strong>Dimitar Vanev<\/strong> , Serviciul Na\u0163ional de Consultan\u0163\u0103 Agricol\u0103, Sofia, Bulgaria<\/p>\n\n\n\n<p><strong>Inge Van Oost<\/strong> , DG Agricultur\u0103 \u0219i Dezvoltare Rural\u0103 a Comisiei Europene, Bruxelles, Belgia<\/p>\n<\/div>\n\n\n\n<div class=\"is-layout-flow wp-block-column\">\n<p><strong>Marja Toivonen<\/strong> , Universitatea Aalto, Helsinki, Finlanda<\/p>\n\n\n\n<p><strong>Renee Pardello<\/strong> , Universitatea din Minnesota, Saint Paul, SUA<\/p>\n\n\n\n<p><strong>Vincenzo Angileri<\/strong> , Centrul Comun de Cercetare al Comisiei Europene, Ispra, Italia<\/p>\n\n\n\n<p><strong>Laurens Klerkx<\/strong> , Universitatea Wagenigen, \u021a\u0103rile de Jos<\/p>\n\n\n\n<p><strong>James Fitzgerald<\/strong> , consultant agricol independent, Irlanda<\/p>\n\n\n\n<p><\/p>\n\n\n\n<p><\/p>\n<\/div>\n<\/div>\n\n\n\n<h2>Rolul Consiliului Consultativ este:<\/h2>\n\n\n\n<ul><li>S\u0103 ofere consiliere, s\u0103 asigure calitatea \u0219i s\u0103 modeleze agenda de cercetare a AgriLink<\/li><li>S\u0103 asigure c\u0103 opiniile \u0219i nevoile exper\u021bilor \u0219i practicienilor interna\u021bionali ai factorilor de decizie sunt incluse\/luate \u00een considerare, pe toat\u0103 durata proiectului \u0219i, astfel, s\u0103 garanteze o comunicare eficient\u0103 \u00een ambele sensuri<\/li><li>S\u0103 asiste la diseminarea rezultatelor generate de efortul de cercetare \u0219i<\/li><li>S\u0103 sprijine implementarea \u0219i integrarea sarcinilor \u0219i rezultatelor dezvoltate ale proiectului.<\/li><\/ul>\n","protected":false},"excerpt":{"rendered":"<p>Consiliul Consultativ Interna\u021bional Acesta cuprinde o serie de exper\u021bi externi, inclusiv exper\u021bi \u0219tiin\u021bifici, factori de decizie politic\u0103, organiza\u021bii de consiliere, reprezentan\u021bi ai fermierilor \u0219i IMM-uri \u00een sectoarele difuz\u0103rii noilor tehnologii \u00een agricultur\u0103. Membrii Consiliului Consultativ: Andr\u00e8s Montero , Asocia\u021bia Organiza\u021biilor de Produc\u021bie de Fructe \u0219i Legume (COEXPHAL), Almer\u00eda, Spania Anik\u00f3 Juh\u00e1sz (copre\u0219edinte al SCAR-AKIS-WG4), Institutul &hellip; <a href=\"https:\/\/www.agrilink2020.eu\/ro\/consiliul-consultativ-international\">Continued<\/a><\/p>\n","protected":false},"author":2,"featured_media":4449,"parent":0,"menu_order":0,"comment_status":"closed","ping_status":"closed","template":"","meta":[],"_links":{"self":[{"href":"https:\/\/www.agrilink2020.eu\/ro\/wp-json\/wp\/v2\/pages\/5058"}],"collection":[{"href":"https:\/\/www.agrilink2020.eu\/ro\/wp-json\/wp\/v2\/pages"}],"about":[{"href":"https:\/\/www.agrilink2020.eu\/ro\/wp-json\/wp\/v2\/types\/page"}],"author":[{"embeddable":true,"href":"https:\/\/www.agrilink2020.eu\/ro\/wp-json\/wp\/v2\/users\/2"}],"replies":[{"embeddable":true,"href":"https:\/\/www.agrilink2020.eu\/ro\/wp-json\/wp\/v2\/comments?post=5058"}],"version-history":[{"count":4,"href":"https:\/\/www.agrilink2020.eu\/ro\/wp-json\/wp\/v2\/pages\/5058\/revisions"}],"predecessor-version":[{"id":5687,"href":"https:\/\/www.agrilink2020.eu\/ro\/wp-json\/wp\/v2\/pages\/5058\/revisions\/5687"}],"wp:featuredmedia":[{"embeddable":true,"href":"https:\/\/www.agrilink2020.eu\/ro\/wp-json\/wp\/v2\/media\/4449"}],"wp:attachment":[{"href":"https:\/\/www.agrilink2020.eu\/ro\/wp-json\/wp\/v2\/media?parent=5058"}],"curies":[{"name":"wp","href":"https:\/\/api.w.org\/{rel}","templated":true}]}}

Consiliul Consultativ Internațional

<h2>Consiliul Consultativ Internațional</h2>



<p>Acesta cuprinde o serie de experți externi, inclusiv experți științifici, factori de decizie politică, organizații de consiliere, reprezentanți ai fermierilor și IMM-uri în sectoarele difuzării noilor tehnologii în agricultură.</p>



<h2>Membrii Consiliului Consultativ:</h2>



<div class="is-layout-flex wp-container-3 wp-block-columns">
<div class="is-layout-flow wp-block-column">
<p><strong>Andrès Montero</strong> , Asociația Organizațiilor de Producție de Fructe și Legume (COEXPHAL), Almería, Spania</p>



<p><strong>Anikó Juhász</strong> (copreședinte al SCAR-AKIS-WG4), Institutul de Cercetare pentru Economie Agricolă, Budapesta, Ungaria</p>



<p><strong>Dimitar Vanev</strong> , Serviciul Naţional de Consultanţă Agricolă, Sofia, Bulgaria</p>



<p><strong>Inge Van Oost</strong> , DG Agricultură și Dezvoltare Rurală a Comisiei Europene, Bruxelles, Belgia</p>
</div>



<div class="is-layout-flow wp-block-column">
<p><strong>Marja Toivonen</strong> , Universitatea Aalto, Helsinki, Finlanda</p>



<p><strong>Renee Pardello</strong> , Universitatea din Minnesota, Saint Paul, SUA</p>



<p><strong>Vincenzo Angileri</strong> , Centrul Comun de Cercetare al Comisiei Europene, Ispra, Italia</p>



<p><strong>Laurens Klerkx</strong> , Universitatea Wagenigen, Țările de Jos</p>



<p><strong>James Fitzgerald</strong> , consultant agricol independent, Irlanda</p>



<p></p>



<p></p>
</div>
</div>



<h2>Rolul Consiliului Consultativ este:</h2>



<ul><li>Să ofere consiliere, să asigure calitatea și să modeleze agenda de cercetare a AgriLink</li><li>Să asigure că opiniile și nevoile experților și practicienilor internaționali ai factorilor de decizie sunt incluse/luate în considerare, pe toată durata proiectului și, astfel, să garanteze o comunicare eficientă în ambele sensuri</li><li>Să asiste la diseminarea rezultatelor generate de efortul de cercetare și</li><li>Să sprijine implementarea și integrarea sarcinilor și rezultatelor dezvoltate ale proiectului.</li></ul>

<p>Consiliul Consultativ Internațional Acesta cuprinde o serie de experți externi, inclusiv experți științifici, factori de decizie politică, organizații de consiliere, reprezentanți ai fermierilor și IMM-uri în sectoarele difuzării noilor tehnologii în agricultură. Membrii Consiliului Consultativ: Andrès Montero , Asociația Organizațiilor de Producție de Fructe și Legume (COEXPHAL), Almería, Spania Anikó Juhász (copreședinte al SCAR-AKIS-WG4), Institutul &hellip; <a href="https://www.agrilink2020.eu/ro/consiliul-consultativ-international">Continued</a></p>
